{"id":64,"date":"2022-01-23T17:08:56","date_gmt":"2022-01-23T17:08:56","guid":{"rendered":"https:\/\/ozeldevakoleji.com\/?page_id=64"},"modified":"2022-02-06T19:58:40","modified_gmt":"2022-02-06T19:58:40","slug":"ogretmenlerimiz-2","status":"publish","type":"page","link":"https:\/\/ozeldevakoleji.com\/index.php\/ogretmenlerimiz-2\/","title":{"rendered":"\u00d6\u011fretmenlerimiz"},"content":{"rendered":"\n<figure class=\"wp-block-table\"><table><tbody><tr><td><strong>OKUL M\u00dcD\u00dcR\u00dc<\/strong><\/td><td>\u015eENAY D\u0130LC\u0130<\/td><\/tr><tr><td><strong>EDEB\u0130YAT \u00d6\u011eRETMEN\u0130<\/strong><\/td><td>SEDA \u0130LTEK\u0130N<\/td><\/tr><tr><td><strong>SA\u011eLIK MESLEK \u00d6\u011eRETMEN\u0130<\/strong><\/td><td>YA\u011eMUR G\u00dcNDO\u011eDU<\/td><\/tr><tr><td><strong>MATEMAT\u0130K \u00d6\u011eRETMEN\u0130<\/strong><\/td><td>\u0130NC\u0130 KELE\u015eO\u011eLU<\/td><\/tr><tr><td><strong>\u0130NG\u0130L\u0130ZCE \u00d6\u011eRETMEN\u0130<\/strong><\/td><td>ES\u0130N ALAN<\/td><\/tr><tr><td><strong>D\u0130N K\u00dcLT\u00dcR\u00dc VE AHLAK B. \u00d6\u011eRETMEN\u0130<\/strong><\/td><td>VEHB\u0130 SAYGILI<\/td><\/tr><tr><td><strong>TAR\u0130H \u00d6\u011eRETMEN\u0130<\/strong><\/td><td>G\u00dcL\u015eAH UCUZ<\/td><\/tr><tr><td><strong>F\u0130Z\u0130K \u00d6\u011eRETMEN\u0130<\/strong><\/td><td>AY\u015eE Y\u00dcCEL<\/td><\/tr><tr><td><strong>K\u0130MYA \u00d6\u011eRETMEN\u0130<\/strong><\/td><td>\u0130BRAH\u0130M USANMAZ<\/td><\/tr><tr><td><strong>FELSEFE \u00d6\u011eRETMEN\u0130<\/strong><\/td><td>BAHAR \u00d6ZDEM\u0130R<\/td><\/tr><tr><td><strong>CO\u011eRAFYA \u00d6\u011eRETMEN\u0130<\/strong><\/td><td>DUYGU B\u0130RTEK<\/td><\/tr><tr><td><strong>BEDEN E\u011e\u0130T\u0130M\u0130 \u00d6\u011eRETMEN\u0130<\/strong><\/td><td>OSMAN BAKAN<\/td><\/tr><tr><td><strong>ELEKTR\u0130K ELEKTRON\u0130K MESLEK \u00d6\u011eRETMEN\u0130<\/strong><\/td><td>\u015eEYDA ERC\u0130YES<\/td><\/tr><tr><td><strong>SA\u011eLIK MESLEK \u00d6\u011eRETMEN\u0130<\/strong> <strong>B\u0130YOLOJ\u0130 \u00d6\u011eRETMEN\u0130<\/strong><\/td><td>SAADET POTURNA DERYA ALTUNBA\u015e<\/td><\/tr><tr><td><strong>H\u0130ZMETL\u0130 PERSONEL<\/strong><\/td><td>NESL\u0130HAN SERBEZ<\/td><\/tr><\/tbody><\/table><\/figure>\n","protected":false},"excerpt":{"rendered":"<p>OKUL M\u00dcD\u00dcR\u00dc \u015eENAY D\u0130LC\u0130 EDEB\u0130YAT \u00d6\u011eRETMEN\u0130 SEDA \u0130LTEK\u0130N SA\u011eLIK MESLEK \u00d6\u011eRETMEN\u0130 YA\u011eMUR G\u00dcNDO\u011eDU MATEMAT\u0130K \u00d6\u011eRETMEN\u0130 \u0130NC\u0130 KELE\u015eO\u011eLU \u0130NG\u0130L\u0130ZCE \u00d6\u011eRETMEN\u0130 ES\u0130N ALAN D\u0130N K\u00dcLT\u00dcR\u00dc VE AHLAK B. \u00d6\u011eRETMEN\u0130 VEHB\u0130 SAYGILI TAR\u0130H \u00d6\u011eRETMEN\u0130 G\u00dcL\u015eAH UCUZ F\u0130Z\u0130K \u00d6\u011eRETMEN\u0130 AY\u015eE Y\u00dcCEL K\u0130MYA \u00d6\u011eRETMEN\u0130 \u0130BRAH\u0130M USANMAZ FELSEFE \u00d6\u011eRETMEN\u0130 BAHAR \u00d6ZDEM\u0130R CO\u011eRAFYA \u00d6\u011eRETMEN\u0130 DUYGU B\u0130RTEK BEDEN E\u011e\u0130T\u0130M\u0130 \u00d6\u011eRETMEN\u0130 OSMAN BAKAN ELEKTR\u0130K [&hellip;]<\/p>\n","protected":false},"author":1,"featured_media":0,"parent":0,"menu_order":0,"comment_status":"closed","ping_status":"closed","template":"","meta":{"footnotes":""},"class_list":["post-64","page","type-page","status-publish","hentry"],"_links":{"self":[{"href":"https:\/\/ozeldevakoleji.com\/index.php\/wp-json\/wp\/v2\/pages\/64","targetHints":{"allow":["GET"]}}],"collection":[{"href":"https:\/\/ozeldevakoleji.com\/index.php\/wp-json\/wp\/v2\/pages"}],"about":[{"href":"https:\/\/ozeldevakoleji.com\/index.php\/wp-json\/wp\/v2\/types\/page"}],"author":[{"embeddable":true,"href":"https:\/\/ozeldevakoleji.com\/index.php\/wp-json\/wp\/v2\/users\/1"}],"replies":[{"embeddable":true,"href":"https:\/\/ozeldevakoleji.com\/index.php\/wp-json\/wp\/v2\/comments?post=64"}],"version-history":[{"count":3,"href":"https:\/\/ozeldevakoleji.com\/index.php\/wp-json\/wp\/v2\/pages\/64\/revisions"}],"predecessor-version":[{"id":120,"href":"https:\/\/ozeldevakoleji.com\/index.php\/wp-json\/wp\/v2\/pages\/64\/revisions\/120"}],"wp:attachment":[{"href":"https:\/\/ozeldevakoleji.com\/index.php\/wp-json\/wp\/v2\/media?parent=64"}],"curies":[{"name":"wp","href":"https:\/\/api.w.org\/{rel}","templated":true}]}}